{"id":101,"date":"2020-06-12T11:30:27","date_gmt":"2020-06-12T11:30:27","guid":{"rendered":"http:\/\/viajes501.com\/blogviajes501\/?page_id=101"},"modified":"2020-06-16T18:09:18","modified_gmt":"2020-06-16T18:09:18","slug":"hoteles-y-cadenas-hoteleras","status":"publish","type":"page","link":"http:\/\/viajes501.com\/blogviajes501\/hoteles-y-cadenas-hoteleras\/","title":{"rendered":"Hoteles &#8211; oferta Clientes"},"content":{"rendered":"\n<figure class=\"wp-block-image size-large\"><img loading=\"lazy\" decoding=\"async\" width=\"1000\" height=\"411\" src=\"http:\/\/viajes501.com\/blogviajes501\/wp-content\/uploads\/2020\/06\/banner-cadenas-hoteleras-3.jpg\" alt=\"\" class=\"wp-image-198\" srcset=\"http:\/\/viajes501.com\/blogviajes501\/wp-content\/uploads\/2020\/06\/banner-cadenas-hoteleras-3.jpg 1000w, http:\/\/viajes501.com\/blogviajes501\/wp-content\/uploads\/2020\/06\/banner-cadenas-hoteleras-3-300x123.jpg 300w, http:\/\/viajes501.com\/blogviajes501\/wp-content\/uploads\/2020\/06\/banner-cadenas-hoteleras-3-768x316.jpg 768w\" sizes=\"auto, (max-width: 1000px) 100vw, 1000px\" \/><\/figure>\n\n\n\n<div class=\"wp-block-coblocks-logos\"><div class=\"wp-block-coblocks-logos__row\"><div style=\"width:33.333333333333336%\"><img decoding=\"async\" src=\"http:\/\/viajes501.com\/blogviajes501\/wp-content\/uploads\/2020\/06\/logo-riu.png\" alt=\"\" data-id=\"113\" data-width=\"33.333333333333336%\"\/><\/div><div style=\"width:33.333333333333336%\"><img decoding=\"async\" src=\"http:\/\/viajes501.com\/blogviajes501\/wp-content\/uploads\/2020\/06\/senator_logo_BD2_9-1.png\" alt=\"\" data-id=\"108\" data-width=\"33.333333333333336%\"\/><\/div><div style=\"width:33.333333333333336%\"><img decoding=\"async\" src=\"http:\/\/viajes501.com\/blogviajes501\/wp-content\/uploads\/2020\/06\/best-hoteles-3.png\" alt=\"\" data-id=\"112\" data-width=\"33.333333333333336%\"\/><\/div><\/div><\/div>\n\n\n\n<div class=\"wp-block-coblocks-logos\"><div class=\"wp-block-coblocks-logos__row\"><div style=\"width:33.333333333333336%\"><img decoding=\"async\" src=\"http:\/\/viajes501.com\/blogviajes501\/wp-content\/uploads\/2020\/06\/Meli\u00e1_Hotels_International_Logo-1024x493.png\" alt=\"\" data-id=\"121\" data-width=\"33.333333333333336%\"\/><\/div><div style=\"width:33.333333333333336%\"><img decoding=\"async\" src=\"http:\/\/viajes501.com\/blogviajes501\/wp-content\/uploads\/2020\/06\/logo-barcelo.jpg\" alt=\"\" data-id=\"120\" data-width=\"33.333333333333336%\"\/><\/div><div style=\"width:33.333333333333336%\"><img decoding=\"async\" src=\"http:\/\/viajes501.com\/blogviajes501\/wp-content\/uploads\/2020\/06\/Fuerte_Hoteles_Logo.jpg\" alt=\"\" data-id=\"129\" data-width=\"33.333333333333336%\"\/><\/div><\/div><\/div>\n\n\n\n<div class=\"wp-block-coblocks-logos\"><div class=\"wp-block-coblocks-logos__row\"><div style=\"width:33.333333333333336%\"><img decoding=\"async\" src=\"http:\/\/viajes501.com\/blogviajes501\/wp-content\/uploads\/2020\/06\/servigropu-2.jpg\" alt=\"\" data-id=\"122\" data-width=\"33.333333333333336%\"\/><\/div><div style=\"width:33.333333333333336%\"><img decoding=\"async\" src=\"http:\/\/viajes501.com\/blogviajes501\/wp-content\/uploads\/2020\/06\/descarga.png\" alt=\"\" data-id=\"124\" data-width=\"33.333333333333336%\"\/><\/div><div style=\"width:33.333333333333336%\"><img decoding=\"async\" src=\"http:\/\/viajes501.com\/blogviajes501\/wp-content\/uploads\/2020\/06\/iberostar-nuevologo-reasonwhy.es_-1024x602.jpg\" alt=\"\" data-id=\"119\" data-width=\"33.333333333333336%\"\/><\/div><\/div><\/div>\n\n\n\n<hr class=\"wp-block-separator has-text-color has-background has-very-light-gray-background-color has-very-light-gray-color is-style-dots\"\/>\n\n\n\n<figure class=\"wp-block-gallery columns-1 is-cropped wp-block-gallery-1 is-layout-flex wp-block-gallery-is-layout-flex\"><ul class=\"blocks-gallery-grid\"><li class=\"blocks-gallery-item\"><figure><img loading=\"lazy\" decoding=\"async\" width=\"1000\" height=\"328\" src=\"http:\/\/viajes501.com\/blogviajes501\/wp-content\/uploads\/2020\/06\/costa-del-azahar-1.jpg\" alt=\"\" data-id=\"136\" data-full-url=\"http:\/\/viajes501.com\/blogviajes501\/wp-content\/uploads\/2020\/06\/costa-del-azahar-1.jpg\" data-link=\"http:\/\/viajes501.com\/blogviajes501\/hoteles-y-cadenas-hoteleras\/costa-del-azahar-1\/\" class=\"wp-image-136\" srcset=\"http:\/\/viajes501.com\/blogviajes501\/wp-content\/uploads\/2020\/06\/costa-del-azahar-1.jpg 1000w, http:\/\/viajes501.com\/blogviajes501\/wp-content\/uploads\/2020\/06\/costa-del-azahar-1-300x98.jpg 300w, http:\/\/viajes501.com\/blogviajes501\/wp-content\/uploads\/2020\/06\/costa-del-azahar-1-768x252.jpg 768w\" sizes=\"auto, (max-width: 1000px) 100vw, 1000px\" \/><\/figure><\/li><\/ul><\/figure>\n\n\n\n<figure class=\"wp-block-table\"><table class=\"has-subtle-pale-blue-background-color has-background\"><tbody><tr><td class=\"has-text-align-center\" data-align=\"center\"><strong><a rel=\"noreferrer noopener\" href=\"https:\/\/peniscola.zthotels.com\/\" target=\"_blank\">Hotel Pe\u00f1\u00edscola Plaza Suites ****sup<\/a><\/strong>  <strong>(PE\u00d1\u00cdSCOLA)<\/strong><\/td><\/tr><tr><td class=\"has-text-align-center\" data-align=\"center\"><strong><a href=\"https:\/\/www.hotelrhcasablanca.com\/\" target=\"_blank\" rel=\"noreferrer noopener\">RH Casablanca Suites ****<\/a> (PE\u00d1\u00cdSCOLA)<\/strong><\/td><\/tr><tr><td class=\"has-text-align-center\" data-align=\"center\"><strong><a rel=\"noreferrer noopener\" href=\"https:\/\/www.intur.com\/hotel-orange-benicasim\/\" target=\"_blank\">Hotel Intur Orange****<\/a><\/strong>  <strong>(BENICASIM)<\/strong><\/td><\/tr><\/tbody><\/table><\/figure>\n\n\n\n<hr class=\"wp-block-separator has-text-color has-background has-very-light-gray-background-color has-very-light-gray-color is-style-dots\"\/>\n\n\n\n<figure class=\"wp-block-gallery columns-1 is-cropped wp-block-gallery-2 is-layout-flex wp-block-gallery-is-layout-flex\"><ul class=\"blocks-gallery-grid\"><li class=\"blocks-gallery-item\"><figure><img loading=\"lazy\" decoding=\"async\" width=\"1000\" height=\"328\" src=\"http:\/\/viajes501.com\/blogviajes501\/wp-content\/uploads\/2020\/06\/costa-de-valencia.jpg\" alt=\"\" data-id=\"155\" data-full-url=\"http:\/\/viajes501.com\/blogviajes501\/wp-content\/uploads\/2020\/06\/costa-de-valencia.jpg\" data-link=\"http:\/\/viajes501.com\/blogviajes501\/hoteles-y-cadenas-hoteleras\/costa-de-valencia\/\" class=\"wp-image-155\" srcset=\"http:\/\/viajes501.com\/blogviajes501\/wp-content\/uploads\/2020\/06\/costa-de-valencia.jpg 1000w, http:\/\/viajes501.com\/blogviajes501\/wp-content\/uploads\/2020\/06\/costa-de-valencia-300x98.jpg 300w, http:\/\/viajes501.com\/blogviajes501\/wp-content\/uploads\/2020\/06\/costa-de-valencia-768x252.jpg 768w\" sizes=\"auto, (max-width: 1000px) 100vw, 1000px\" \/><\/figure><\/li><\/ul><\/figure>\n\n\n\n<figure class=\"wp-block-table\"><table class=\"has-subtle-pale-blue-background-color has-background\"><tbody><tr><td class=\"has-text-align-center\" data-align=\"center\"><strong><a rel=\"noreferrer noopener\" href=\"http:\/\/www.hotelcibeles.com\/\" target=\"_blank\">Hotel Cibeles ***<\/a><\/strong> (<strong>GAND\u00cdA)<\/strong><\/td><\/tr><tr><td class=\"has-text-align-center\" data-align=\"center\"><strong><a rel=\"noreferrer noopener\" href=\"https:\/\/www.hotelesrh.com\/hoteles-en-gandia\/hotel-rh-bayrenparc\" target=\"_blank\">RH Bayren Par<\/a><a href=\"https:\/\/www.hotelesrh.com\/hoteles-en-gandia\/hotel-rh-bayrenparc\" target=\"_blank\" rel=\"noreferrer noopener\">c<\/a><a rel=\"noreferrer noopener\" href=\"https:\/\/www.hotelesrh.com\/hoteles-en-gandia\/hotel-rh-bayrenparc\" target=\"_blank\"> **** <\/a>(GAND\u00cdA)<\/strong><\/td><\/tr><tr><td class=\"has-text-align-center\" data-align=\"center\"><strong><a href=\"https:\/\/www.hotelrhbayren.com\/\" target=\"_blank\" rel=\"noreferrer noopener\">RH Bayren ****<\/a> (GAND\u00cdA)<\/strong><\/td><\/tr><tr><td class=\"has-text-align-center\" data-align=\"center\"><strong><a href=\"https:\/\/torsehoteles.com\/santamarta\/\" target=\"_blank\" rel=\"noreferrer noopener\">Santa Marta ****<\/a> (CULLERA)<\/strong><\/td><\/tr><\/tbody><\/table><\/figure>\n\n\n\n<figure class=\"wp-block-image size-large\"><img loading=\"lazy\" decoding=\"async\" width=\"1000\" height=\"328\" src=\"http:\/\/viajes501.com\/blogviajes501\/wp-content\/uploads\/2020\/06\/costa-blanca-1.jpg\" alt=\"\" class=\"wp-image-200\" srcset=\"http:\/\/viajes501.com\/blogviajes501\/wp-content\/uploads\/2020\/06\/costa-blanca-1.jpg 1000w, http:\/\/viajes501.com\/blogviajes501\/wp-content\/uploads\/2020\/06\/costa-blanca-1-300x98.jpg 300w, http:\/\/viajes501.com\/blogviajes501\/wp-content\/uploads\/2020\/06\/costa-blanca-1-768x252.jpg 768w\" sizes=\"auto, (max-width: 1000px) 100vw, 1000px\" \/><\/figure>\n\n\n\n<figure class=\"wp-block-table\"><table class=\"has-subtle-pale-blue-background-color has-background\"><tbody><tr><td class=\"has-text-align-center\" data-align=\"center\"><strong><a href=\"https:\/\/www.porthotels.es\/port-denia.html\" target=\"_blank\" rel=\"noreferrer noopener\">Hotel Port Denia ***<\/a>  (DENIA)<\/strong><\/td><\/tr><tr><td class=\"has-text-align-center\" data-align=\"center\"><strong><a href=\"https:\/\/www.hotelplayasdeguardamar.com\/\" target=\"_blank\" rel=\"noreferrer noopener\">Hotel playas de Guardamar ***<\/a> (GUARDAMAR)<\/strong><\/td><\/tr><tr><td class=\"has-text-align-center\" data-align=\"center\"><strong><a href=\"https:\/\/www.rocaesmeralda.com\/\" target=\"_blank\" rel=\"noreferrer noopener\">AR Roca Esmeralda ****<\/a> (CALPE)<\/strong><\/td><\/tr><tr><td class=\"has-text-align-center\" data-align=\"center\"><strong><a href=\"https:\/\/www.diamantebeach.com\/\" target=\"_blank\" rel=\"noreferrer noopener\">AR Diamante Beach ****<\/a> (CALPE)<\/strong><\/td><\/tr><tr><td class=\"has-text-align-center\" data-align=\"center\"><strong><a href=\"https:\/\/bahiacalpehotel.com\/\" target=\"_blank\" rel=\"noreferrer noopener\">Bah\u00eda de Calpe ****<\/a> (CALPE)<\/strong><\/td><\/tr><\/tbody><\/table><\/figure>\n\n\n\n<figure class=\"wp-block-image size-large\"><img loading=\"lazy\" decoding=\"async\" width=\"1000\" height=\"328\" src=\"http:\/\/viajes501.com\/blogviajes501\/wp-content\/uploads\/2020\/06\/costa-calida-1.jpg\" alt=\"\" class=\"wp-image-201\" srcset=\"http:\/\/viajes501.com\/blogviajes501\/wp-content\/uploads\/2020\/06\/costa-calida-1.jpg 1000w, http:\/\/viajes501.com\/blogviajes501\/wp-content\/uploads\/2020\/06\/costa-calida-1-300x98.jpg 300w, http:\/\/viajes501.com\/blogviajes501\/wp-content\/uploads\/2020\/06\/costa-calida-1-768x252.jpg 768w\" sizes=\"auto, (max-width: 1000px) 100vw, 1000px\" \/><\/figure>\n\n\n\n<figure class=\"wp-block-table\"><table class=\"has-subtle-pale-blue-background-color has-background\"><tbody><tr><td class=\"has-text-align-center\" data-align=\"center\"><strong><a href=\"https:\/\/www.entremares.es\/\" target=\"_blank\" rel=\"noreferrer noopener\">Hotel &amp; Spa Entremares ****<\/a> (LA MANGA)<\/strong><\/td><\/tr><tr><td class=\"has-text-align-center\" data-align=\"center\"><strong><a href=\"http:\/\/aparthotellondres.com\/\" target=\"_blank\" rel=\"noreferrer noopener\">Apartahotel Londres ***<\/a> (LA MANGA)<\/strong><\/td><\/tr><tr><td class=\"has-text-align-center\" data-align=\"center\"><strong><a rel=\"noreferrer noopener\" href=\"https:\/\/monarquehotels.com\/destino-murcia\/\" target=\"_blank\">Monarque Costa Narejos ***<\/a> (LOS ALCACERES)<\/strong><\/td><\/tr><\/tbody><\/table><\/figure>\n\n\n\n<figure class=\"wp-block-image size-large\"><img loading=\"lazy\" decoding=\"async\" width=\"1000\" height=\"328\" src=\"http:\/\/viajes501.com\/blogviajes501\/wp-content\/uploads\/2020\/06\/costa-de-almeria-1.jpg\" alt=\"\" class=\"wp-image-202\" srcset=\"http:\/\/viajes501.com\/blogviajes501\/wp-content\/uploads\/2020\/06\/costa-de-almeria-1.jpg 1000w, http:\/\/viajes501.com\/blogviajes501\/wp-content\/uploads\/2020\/06\/costa-de-almeria-1-300x98.jpg 300w, http:\/\/viajes501.com\/blogviajes501\/wp-content\/uploads\/2020\/06\/costa-de-almeria-1-768x252.jpg 768w\" sizes=\"auto, (max-width: 1000px) 100vw, 1000px\" \/><\/figure>\n\n\n\n<figure class=\"wp-block-table\"><table class=\"has-subtle-pale-blue-background-color has-background\"><tbody><tr><td class=\"has-text-align-center\" data-align=\"center\"><strong><a href=\"http:\/\/www.aparthotelreina.es\/\" target=\"_blank\" rel=\"noreferrer noopener\">Apartahotel Advise Reina ****<\/a> (PLAYA DE VERA)<\/strong><\/td><\/tr><tr><td class=\"has-text-align-center\" data-align=\"center\"><strong><a rel=\"noreferrer noopener\" href=\"https:\/\/www.hotelalmerimar.com\/\" target=\"_blank\">AR Almerimar ****<\/a> (ALMERIMAR)<\/strong><\/td><\/tr><tr><td class=\"has-text-align-center\" data-align=\"center\"><strong><a href=\"https:\/\/protur-hotels.com\/hoteles-en-almeria\/protur-roquetas-hotel-spa\" target=\"_blank\" rel=\"noreferrer noopener\">Protur Roquetas Hotel &amp; Spa ****<\/a> (ROQUETAS DE MAR)<\/strong><\/td><\/tr><tr><td class=\"has-text-align-center\" data-align=\"center\"><strong><a href=\"https:\/\/es.eveniahotels.com\/zoraidapark\" target=\"_blank\" rel=\"noreferrer noopener\">Evenia Zoraida Park ****<\/a> (ROQUETAS DE MAR)<\/strong><\/td><\/tr><\/tbody><\/table><\/figure>\n\n\n\n<figure class=\"wp-block-image size-large\"><img loading=\"lazy\" decoding=\"async\" width=\"1000\" height=\"328\" src=\"http:\/\/viajes501.com\/blogviajes501\/wp-content\/uploads\/2020\/06\/costa-tropical-1.jpg\" alt=\"\" class=\"wp-image-205\" srcset=\"http:\/\/viajes501.com\/blogviajes501\/wp-content\/uploads\/2020\/06\/costa-tropical-1.jpg 1000w, http:\/\/viajes501.com\/blogviajes501\/wp-content\/uploads\/2020\/06\/costa-tropical-1-300x98.jpg 300w, http:\/\/viajes501.com\/blogviajes501\/wp-content\/uploads\/2020\/06\/costa-tropical-1-768x252.jpg 768w\" sizes=\"auto, (max-width: 1000px) 100vw, 1000px\" \/><\/figure>\n\n\n\n<figure class=\"wp-block-table\"><table class=\"has-subtle-pale-blue-background-color has-background\"><tbody><tr><td class=\"has-text-align-center\" data-align=\"center\"><strong><a rel=\"noreferrer noopener\" href=\"https:\/\/hotelbahiatropical.es\/\" target=\"_blank\"> Bah\u00eda Tropical ****<\/a> (ALMU\u00d1ECAR)<\/strong><\/td><\/tr><tr><td class=\"has-text-align-center\" data-align=\"center\"><strong><a rel=\"noreferrer noopener\" href=\"https:\/\/www.hoteleshelios.com\/hotel-helios-costa-tropical\/\" target=\"_blank\">Helios *** <\/a>(ALMU\u00d1ECAR)<\/strong><\/td><\/tr><tr><td class=\"has-text-align-center\" data-align=\"center\"><strong><a href=\"https:\/\/www.victoriaplayahotel.com\/\" target=\"_blank\" rel=\"noreferrer noopener\">Victoria Playa ****<\/a> (ALMU\u00d1ECAR)<\/strong><\/td><\/tr><\/tbody><\/table><\/figure>\n\n\n\n<figure class=\"wp-block-image size-large\"><img loading=\"lazy\" decoding=\"async\" width=\"1000\" height=\"328\" src=\"http:\/\/viajes501.com\/blogviajes501\/wp-content\/uploads\/2020\/06\/costa-del-sol-1.jpg\" alt=\"\" class=\"wp-image-204\" srcset=\"http:\/\/viajes501.com\/blogviajes501\/wp-content\/uploads\/2020\/06\/costa-del-sol-1.jpg 1000w, http:\/\/viajes501.com\/blogviajes501\/wp-content\/uploads\/2020\/06\/costa-del-sol-1-300x98.jpg 300w, http:\/\/viajes501.com\/blogviajes501\/wp-content\/uploads\/2020\/06\/costa-del-sol-1-768x252.jpg 768w\" sizes=\"auto, (max-width: 1000px) 100vw, 1000px\" \/><\/figure>\n\n\n\n<figure class=\"wp-block-table\"><table class=\"has-subtle-pale-blue-background-color has-background\"><tbody><tr><td class=\"has-text-align-center\" data-align=\"center\"><strong><a href=\"https:\/\/www.marinasdenerja.com\/\" target=\"_blank\" rel=\"noreferrer noopener\">Marinas de Nerja ***<\/a> (NERJA)<\/strong><\/td><\/tr><tr><td class=\"has-text-align-center\" data-align=\"center\"><strong><a href=\"https:\/\/www.holidayworld.es\/es\/hoteles\/\" target=\"_blank\" rel=\"noreferrer noopener\">Holiday World **** <\/a>(BENALMADENA)<\/strong><\/td><\/tr><tr><td class=\"has-text-align-center\" data-align=\"center\"><strong><a href=\"https:\/\/www.estivaltorrequebrada.com\/es\/\" target=\"_blank\" rel=\"noreferrer noopener\">Estival Torrequebrada **** <\/a>(BENALMADENA)<\/strong><\/td><\/tr><tr><td class=\"has-text-align-center\" data-align=\"center\"><strong><a href=\"https:\/\/www.benalmadenapalace.com\/\" target=\"_blank\" rel=\"noreferrer noopener\">Benalm\u00e1dena Palace **** <\/a>(BENALMADENA)<\/strong><\/td><\/tr><\/tbody><\/table><\/figure>\n\n\n\n<figure class=\"wp-block-image size-large\"><img loading=\"lazy\" decoding=\"async\" width=\"1000\" height=\"328\" src=\"http:\/\/viajes501.com\/blogviajes501\/wp-content\/uploads\/2020\/06\/costa-de-la-luz-1.jpg\" alt=\"\" class=\"wp-image-203\" srcset=\"http:\/\/viajes501.com\/blogviajes501\/wp-content\/uploads\/2020\/06\/costa-de-la-luz-1.jpg 1000w, http:\/\/viajes501.com\/blogviajes501\/wp-content\/uploads\/2020\/06\/costa-de-la-luz-1-300x98.jpg 300w, http:\/\/viajes501.com\/blogviajes501\/wp-content\/uploads\/2020\/06\/costa-de-la-luz-1-768x252.jpg 768w\" sizes=\"auto, (max-width: 1000px) 100vw, 1000px\" \/><\/figure>\n\n\n\n<p class=\"has-medium-font-size\"><strong>COSTA DE LA LUZ &#8211; C\u00c1DIZ<\/strong><\/p>\n\n\n\n<figure class=\"wp-block-table\"><table class=\"has-subtle-pale-blue-background-color has-background\"><tbody><tr><td class=\"has-text-align-center\" data-align=\"center\"><strong><a rel=\"noreferrer noopener\" href=\"https:\/\/www.hotelpuertobahia.com\/\" target=\"_blank\">Puerto Bah\u00eda ***<\/a><\/strong> <strong>(PUERTO DE SANTA MAR\u00cdA)<\/strong><\/td><\/tr><tr><td class=\"has-text-align-center\" data-align=\"center\"><strong><a rel=\"noreferrer noopener\" href=\"https:\/\/www.hotelagarochipiona.com\/\" target=\"_blank\">Agar\u00f3 Chipiona ****<\/a><\/strong> <strong>(CHIPIONA)<\/strong><\/td><\/tr><tr><td class=\"has-text-align-center\" data-align=\"center\"><strong><a rel=\"noreferrer noopener\" href=\"https:\/\/www.valentinsanctipetri.com\/\" target=\"_blank\">Valent\u00edn Sant Petri ****<\/a><\/strong> <strong>(CHICLANA)<\/strong><\/td><\/tr><tr><td class=\"has-text-align-center\" data-align=\"center\"><strong><a rel=\"noreferrer noopener\" href=\"https:\/\/www.fergushotels.com\/es\/hoteles\/fergus-conil-park\/\" target=\"_blank\">Apartahotel Ilunion Sancti Petri ****<\/a><\/strong> (<strong>CHICLANA)<\/strong><\/td><\/tr><tr><td class=\"has-text-align-center\" data-align=\"center\"><strong><a rel=\"noreferrer noopener\" href=\"https:\/\/www.hipotels.com\/hoteles\/barrosapark\/\" target=\"_blank\">Hipotels Barrosa Park ****<\/a><\/strong> <strong>(CHICLANA)<\/strong><\/td><\/tr><tr><td class=\"has-text-align-center\" data-align=\"center\"><strong><a rel=\"noreferrer noopener\" href=\"https:\/\/www.fergushotels.com\/es\/hoteles\/fergus-conil-park\/\" target=\"_blank\">Fergus Conil Park ****<\/a><\/strong> <strong>(CONIL)<\/strong><\/td><\/tr><tr><td class=\"has-text-align-center\" data-align=\"center\"><strong><a rel=\"noreferrer noopener\" href=\"https:\/\/www.hipotels.com\/hoteles\/granconil\/\" target=\"_blank\">Hipotels Gran Conil ****<\/a><\/strong> <strong>(CONIL)<\/strong><\/td><\/tr><tr><td class=\"has-text-align-center\" data-align=\"center\"><strong><a rel=\"noreferrer noopener\" href=\"https:\/\/www.hotelesgarbi.com\/es\/hoteles\/hotel-garbi-costa-luz\" target=\"_blank\">Garbi Costa Luz ****<\/a><\/strong> <strong>(CONIL)<\/strong><\/td><\/tr><tr><td class=\"has-text-align-center\" data-align=\"center\"><strong><a rel=\"noreferrer noopener\" href=\"https:\/\/www.fuertehoteles.com\/hotel\/resort-fuerte-conil-costaluz\/el-hotel\/\" target=\"_blank\">Fuerte Conil ****<\/a><\/strong> <strong>(CONIL)<\/strong><\/td><\/tr><\/tbody><\/table><\/figure>\n\n\n\n<p class=\"has-medium-font-size\"><strong>COSTA DE LA LUZ &#8211; HUELVA<\/strong><\/p>\n\n\n\n<figure class=\"wp-block-table\"><table class=\"has-subtle-pale-blue-background-color has-background\"><tbody><tr><td class=\"has-text-align-center\" data-align=\"center\"><strong><a rel=\"noreferrer noopener\" href=\"https:\/\/www.granhoteldelcoto.com\/\" target=\"_blank\">Gran Hotel el Coto ****<\/a><\/strong> <strong>(MATALASCA\u00d1AS)<\/strong><\/td><\/tr><tr><td class=\"has-text-align-center\" data-align=\"center\"><strong><a rel=\"noreferrer noopener\" href=\"https:\/\/www.hotelflamero.es\/\" target=\"_blank\">Flamero ***<\/a><\/strong> <strong>(MATALASCA\u00d1AS)<\/strong><\/td><\/tr><tr><td class=\"has-text-align-center\" data-align=\"center\"><strong><a rel=\"noreferrer noopener\" href=\"https:\/\/www.dunasdedonanagolfresort.com\/\" target=\"_blank\">Apartahotel Dunas de Do\u00f1ana ****<\/a><\/strong> <strong>(MATALASCA\u00d1AS)<\/strong><\/td><\/tr><tr><td class=\"has-text-align-center\" data-align=\"center\"><strong><a rel=\"noreferrer noopener\" href=\"https:\/\/precisehotels.com\/elrompido\/es\/apartamentos-spain.php\" target=\"_blank\">Precise Resort el Rompido ****<\/a><\/strong> <strong>(EL ROMPIDO)<\/strong><\/td><\/tr><tr><td class=\"has-text-align-center\" data-align=\"center\"><strong><a rel=\"noreferrer noopener\" href=\"https:\/\/www.fuertehoteles.com\/hotel\/fuerte-rompido-cartaya\/el-hotel\/\" target=\"_blank\">Fuerte el Rompido ****<\/a><\/strong> <strong>(EL ROMPIDO)<\/strong><\/td><\/tr><tr><td class=\"has-text-align-center\" data-align=\"center\"><strong><a rel=\"noreferrer noopener\" href=\"https:\/\/www.ohtelsmazagon.es\/\" target=\"_blank\">Ohtels Mazag\u00f3n ****<\/a><\/strong> <strong>(MAZAG\u00d3N)<\/strong><\/td><\/tr><tr><td class=\"has-text-align-center\" data-align=\"center\"><strong><a rel=\"noreferrer noopener\" href=\"https:\/\/www.estivalislacristina.com\/localizacion.html\" target=\"_blank\">Estival Isla Cristina ****<\/a><\/strong> <strong>(ISLA CRISTINA)<\/strong><\/td><\/tr><tr><td class=\"has-text-align-center\" data-align=\"center\"><strong><a rel=\"noreferrer noopener\" href=\"https:\/\/www.ohtelsislantilla.es\/\" target=\"_blank\">Estival Islantilla ****<\/a><\/strong> <strong>(ISLANTILLA)<\/strong><\/td><\/tr><tr><td class=\"has-text-align-center\" data-align=\"center\"><strong><a rel=\"noreferrer noopener\" href=\"https:\/\/www.ohtelsislantilla.es\/\" target=\"_blank\">Ohtels Islantilla ****<\/a><\/strong>  <strong>(ISLANTILLA)<\/strong><\/td><\/tr><tr><td class=\"has-text-align-center\" data-align=\"center\"><strong><a rel=\"noreferrer noopener\" href=\"https:\/\/www.puertoantilla.com\/es\/\" target=\"_blank\">Puerto Antilla Grand Hotel ****<\/a><\/strong>  <strong>(ISLANTILLA)<\/strong><\/td><\/tr><\/tbody><\/table><\/figure>\n\n\n\n<figure class=\"wp-block-image size-large\"><img loading=\"lazy\" decoding=\"async\" width=\"1000\" height=\"328\" src=\"http:\/\/viajes501.com\/blogviajes501\/wp-content\/uploads\/2020\/06\/costa-portugal-1.jpg\" alt=\"\" class=\"wp-image-231\" srcset=\"http:\/\/viajes501.com\/blogviajes501\/wp-content\/uploads\/2020\/06\/costa-portugal-1.jpg 1000w, http:\/\/viajes501.com\/blogviajes501\/wp-content\/uploads\/2020\/06\/costa-portugal-1-300x98.jpg 300w, http:\/\/viajes501.com\/blogviajes501\/wp-content\/uploads\/2020\/06\/costa-portugal-1-768x252.jpg 768w\" sizes=\"auto, (max-width: 1000px) 100vw, 1000px\" \/><\/figure>\n\n\n\n<div class=\"wp-block-image\"><figure class=\"aligncenter size-medium\"><a href=\"https:\/\/www.pestana.com\/es\/hoteles\"><img loading=\"lazy\" decoding=\"async\" width=\"300\" height=\"225\" src=\"http:\/\/viajes501.com\/blogviajes501\/wp-content\/uploads\/2020\/06\/Pestana_Hotel_Group-300x225.png\" alt=\"\" class=\"wp-image-232\" srcset=\"http:\/\/viajes501.com\/blogviajes501\/wp-content\/uploads\/2020\/06\/Pestana_Hotel_Group-300x225.png 300w, http:\/\/viajes501.com\/blogviajes501\/wp-content\/uploads\/2020\/06\/Pestana_Hotel_Group-1024x768.png 1024w, http:\/\/viajes501.com\/blogviajes501\/wp-content\/uploads\/2020\/06\/Pestana_Hotel_Group-768x576.png 768w, http:\/\/viajes501.com\/blogviajes501\/wp-content\/uploads\/2020\/06\/Pestana_Hotel_Group.png 1200w\" sizes=\"auto, (max-width: 300px) 100vw, 300px\" \/><\/a><figcaption><strong>La cadena hotelera con los mejores hoteles de Portugal<\/strong><\/figcaption><\/figure><\/div>\n\n\n\n<p><\/p>\n","protected":false},"excerpt":{"rendered":"<p>Hotel Pe\u00f1\u00edscola Plaza Suites ****sup (PE\u00d1\u00cdSCOLA) RH Casablanca Suites **** (PE\u00d1\u00cdSCOLA) Hotel Intur Orange**** (BENICASIM) Hotel Cibeles *** (GAND\u00cdA) RH Bayren Parc **** (GAND\u00cdA) RH Bayren **** (GAND\u00cdA) Santa Marta **** (CULLERA) Hotel Port Denia *** (DENIA) Hotel playas de&hellip; <\/p>\n","protected":false},"author":1,"featured_media":0,"parent":0,"menu_order":0,"comment_status":"closed","ping_status":"closed","template":"","meta":{"_coblocks_attr":"","_coblocks_dimensions":"","_coblocks_responsive_height":"","_coblocks_accordion_ie_support":"","footnotes":""},"class_list":["post-101","page","type-page","status-publish","hentry"],"_links":{"self":[{"href":"http:\/\/viajes501.com\/blogviajes501\/wp-json\/wp\/v2\/pages\/101","targetHints":{"allow":["GET"]}}],"collection":[{"href":"http:\/\/viajes501.com\/blogviajes501\/wp-json\/wp\/v2\/pages"}],"about":[{"href":"http:\/\/viajes501.com\/blogviajes501\/wp-json\/wp\/v2\/types\/page"}],"author":[{"embeddable":true,"href":"http:\/\/viajes501.com\/blogviajes501\/wp-json\/wp\/v2\/users\/1"}],"replies":[{"embeddable":true,"href":"http:\/\/viajes501.com\/blogviajes501\/wp-json\/wp\/v2\/comments?post=101"}],"version-history":[{"count":50,"href":"http:\/\/viajes501.com\/blogviajes501\/wp-json\/wp\/v2\/pages\/101\/revisions"}],"predecessor-version":[{"id":237,"href":"http:\/\/viajes501.com\/blogviajes501\/wp-json\/wp\/v2\/pages\/101\/revisions\/237"}],"wp:attachment":[{"href":"http:\/\/viajes501.com\/blogviajes501\/wp-json\/wp\/v2\/media?parent=101"}],"curies":[{"name":"wp","href":"https:\/\/api.w.org\/{rel}","templated":true}]}}